is divided by 651?
645
Calculate the remainder when 73891 is divided by 10.
1
Calculate the remainder when 1194 is divided by 347.
153
Calculate the remainder when 4605 is divided by 414.
51
Calculate the remainder when 367742 is divided by 245.
242
What is the remainder when 575274 is divided by 180?
174
What is the remainder when 5059 is divided by 1773?
1513
What is the remainder when 242 is divided by 44?
22
Calculate the remainder when 1552 is divided by 380.
32
Calculate the remainder when 6230 is divided by 95.
55
Calculate the remainder when 798335 is divided by 224.
223
What is the remainder when 3165 is divided by 73?
26
Calculate the remainder when 99051 is divided by 5213.
4
What is the remainder when 2734 is divided by 562?
486
What is the remainder when 6036 is divided by 365?
196
What is the remainder when 96104 is divided by 441?
407
Calculate the remainder when 68174 is divided by 364.
106
What is the remainder when 147132 is divided by 49040?
12
Calculate the remainder when 1329 is divided by 199.
135
What is the remainder when 109153 is divided by 45?
28
Calculate the remainder when 2295 is divided by 137.
103
What is the remainder when 32696 is divided by 162?
134
Calculate the remainder when 66323 is divided by 22101.
20
What is the remainder when 704 is divided by 114?
20
Calculate the remainder when 7615 is divided by 68.
67
What is the remainder when 9682 is divided by 4784?
114
What is the remainder when 145343 is divided by 12111?
11
What is the remainder when 23888 is divided by 22?
18
Calculate the remainder when 5901 is divided by 246.
243
What is the remainder when 21021 is divided by 3503?
3
What is the remainder when 14006 is divided by 636?
14
Calculate the remainder when 9079 is divided by 31.
27
Calculate the remainder when 1909 is divided by 1907.
2
What is the remainder when 190 is divided by 64?
62
Calculate the remainder when 2246 is divided by 998.
250
What is the remainder when 10194 is divided by 31?
26
What is the remainder when 1963654 is divided by 108?
106
Calculate the remainder when 254947 is divided by 34.
15
Calculate the remainder when 4768 is divided by 18.
16
Calculate the remainder when 1473724 is divided by 40.
4
What is the remainder when 891277 is divided by 79?
78
What is the remainder when 5074 is divided by 425?
399
Calculate the remainder when 151658 is divided by 20.
18
Calculate the remainder when 9939082 is divided by 51.
49
What is the remainder when 1494767 is divided by 152?
151
Calculate the remainder when 48487 is divided by 1276.
1275
Calculate the remainder when 5138 is divided by 120.
98
Calculate the remainder when 279 is divided by 52.
19
What is the remainder when 336 is divided by 116?
104
Calculate the remainder when 109983 is divided by 576.
543
Calculate the remainder when 1752 is divided by 580.
12
Calculate the remainder when 14286 is divided by 454.
212
Calculate the remainder when 100204 is divided by 9.
7
What is the remainder when 71421 is divided by 904?
5
Calculate the remainder when 6758 is divided by 120.
38
Calculate the remainder when 3105792 is divided by 77.
74
What is the remainder when 9114 is divided by 553?
266
What is the remainder when 1437 is divided by 1400?
37
What is the remainder when 43285 is divided by 85?
20
Calculate the remainder when 8363 is divided by 347.
35
Calculate the remainder when 4862 is divided by 591.
134
What is the remainder when 6135 is divided by 69?
63
What is the remainder when 16144 is divided by 290?
194
Calculate the remainder when 2427 is divided by 2100.
327
What is the remainder when 15648 is divided by 490?
458
Calculate the remainder when 89744 is divided by 3451.
18
What is the remainder when 23891 is divided by 332?
319
Calculate the remainder when 35904 is divided by 12.
0
Calculate the remainder when 2758 is divided by 2724.
34
Calculate the remainder when 2895 is divided by 66.
57
What is the remainder when 14580 is divided by 164?
148
What is the remainder when 105733 is divided by 29?
28
What is the remainder when 116 is divided by 100?
16
What is the remainder when 537651 is divided by 955?
941
Calculate the remainder when 288537 is divided by 1173.
1152
What is the remainder when 562 is divided by 133?
30
Calculate the remainder when 290062 is divided by 508.
502
What is the remainder when 5417 is divided by 10?
7
What is the remainder when 8350 is divided by 78?
4
What is the remainder when 3172 is divided by 154?
92
Calculate the remainder when 981 is divided by 325.
6
Calculate the remainder when 286 is divided by 273.
13
What is the remainder when 15526 is divided by 3880?
6
Calculate the remainder when 77024 is divided by 200.
24
Calculate the remainder when 2160 is divided by 551.
507
What is the remainder when 2061 is divided by 74?
63
Calculate the remainder when 4947 is divided by 214.
25
What is the remainder when 9406 is divided by 9327?
79
What is the remainder when 86449 is divided by 165?
154
Calculate the remainder when 203975 is divided by 79.
76
Calculate the remainder when 3328 is divided by 1473.
382
What is the remainder when 6275 is divided by 17?
2
What is the remainder when 145049 is divided by 53?
41
What is the remainder when 769 is divided by 194?
187
What is the remainder when 21558 is divided by 154?
152
Calculate the remainder when 90428 is divided by 90350.
78
What is the remainder when 21212 is divided by 48?
44
Calculate the remainder when 63427 is divided by 218.
207
What is the remainder when 76390 is divided by 17?
9
Calculate the remainder when 135 is divided by 16.
7
What is the remainder when 91701 is divided by 26?
25
Calculate the remainder when 14877 is divided by 437.
19
What is the remainder when 11222 is divided by 864?
854
Calculate the remainder when 22080 is divided by 1039.
261
What is the remainder when 57982 is divided by 496?
446
What is the remainder when 9295 is divided by 41?
29
Calculate the remainder when 267265 is divided by 3.
1
Calculate the remainder when 39 is divided by 7.
4
Calculate the remainder when 33949 is divided by 74.
57
What is the remainder when 18620 is divided by 325?
95
Calculate the remainder when 3005381 is divided by 1286.
1285
Calculate the remainder when 10424 is divided by 572.
128
Calculate the remainder when 11634 is divided by 93.
9
Calculate the remainder when 1873 is divided by 237.
214
Calculate the remainder when 3343 is divided by 828.
31
What is the remainder when 59571 is divided by 53?
52
What is the remainder when 36404 is divided by 29?
9
Calculate the remainder when 109149 is divided by 21.
12
What is the remainder when 8712 is divided by 2136?
168
What is the remainder when 48432 is divided by 282?
210
Calculate the remainder when 17544 is divided by 274.
8
Calculate the remainder when 880 is divided by 763.
117
Calculate the remainder when 524 is divided by 524.
0
Calculate the remainder when 237675 is divided by 29708.
11
Calculate the remainder when 106672 is divided by 1841.
1735
Calculate the remainder when 2910 is divided by 265.
260
Calculate the remainder when 717 is divided by 348.
21
Calculate the remainder when 175981 is divided by 7997.
47
Calculate the remainder when 626723 is divided by 108.
107
What is the remainder when 31846 is divided by 3537?
13
Calculate the remainder when 12033 is divided by 5.
3
What is the remainder when 533 is divided by 43?
17
What is the remainder when 2131 is divided by 435?
391
What is the remainder when 872649 is divided by 23585?
4
Calculate the remainder when 4683 is divided by 2274.
135
What is the remainder when 811443 is divided by 3121?
3104
Calculate the remainder when 15588 is divided by 4737.
1377
Calculate the remainder when 42845 is divided by 238.
5
What is the remainder when 10220 is divided by 10055?
165
Calculate the remainder when 3892 is divided by 24.
4
Calculate the remainder when 62501 is divided by 687.
671
What is the remainder when 902 is divided by 41?
0
Calculate the remainder when 5792 is divided by 634.
86
What is the remainder when 25596 is divided by 194?
182
Calculate the remainder when 121060 is divided by 3.
1
What is the remainder when 255721 is divided by 4334?
15
What is the remainder when 30341 is divided by 1896?
5
What 